) = y**2 - 6*y + 5*y - 3*y + 2*y - 4. Determine i(r).
11
Let f(h) = h**3 - 2*h**2 + 7*h + 3. Let c(g) = g**3 - 3*g**2 + 7*g + 2. Let d(b) = 4*c(b) - 3*f(b). What is d(5)?
9
Let t(f) = -f**3 + 7*f**2 + 4. Let x = 71 - 35. Let z = x - 29. What is t(z)?
4
Let c(q) = -q. Let l(w) = w - 1. Let g(f) = 2*c(f) - l(f). Let x(m) = m**2 - 1. Let i(r) = r - 4. Let o be i(4). Let v be x(o). What is g(v)?
4
Let h(w) = -w**3 - 7*w**2 + w + 9. Suppose -5*c - 41 = -2*m, -21*c + 5*m = -20*c + 22. What is h(c)?
2
Let c(o) = -o**3 + 5*o**2 + 10*o - 8. Let h be 148/38 - (-6)/57. Let u be ((-2)/h)/(4/(-48)). What is c(u)?
16
Suppose 3 = -r, 5*l - 56*r = -60*r - 42. Let j(t) be the first derivative of t**4/4 + 5*t**3/3 - t**2 + 5*t + 1. Calculate j(l).
-19
Let y(l) be the second derivative of -l**4/4 - l**3 + l**2 - 2*l - 77. Determine y(-5).
-43
Let f(p) = p**3 + 22*p**2 - 10. Let y = 1303 + -1325. What is f(y)?
-10
Let k(h) be the first derivative of -h**2/2 + 4*h + 231. Give k(4).
0
Let a(o) = o**3 + 6*o**2 - 4*o - 3. Let w = -146 + 140. What is a(w)?
21
Let t = 404 - 395. Let h(f) = f**3 - 8*f**2 - 10*f + 6. Determine h(t).
-3
Let d(r) = -4 - 22*r + r**2 + 50*r + 0 - 30*r. Give d(-6).
44
Let c be -4 - 1 - (-5 + -1). Let g(u) = -u + 2. What is g(c)?
1
Let i(y) be the third derivative of y**4/24 - y**3 + 11*y**2. Suppose 19*c = 3*c. Determine i(c).
-6
Let x(h) = 4*h + 1. Suppose 0 = -2*b + 6 - 2. Suppose b*z - 2 - 16 = 0. Suppose -z = 2*u - m - 4*m, 3*u + 5 = -m. What is x(u)?
-7
Let s(t) = -t**3 + 12*t**2 - 9*t - 16. Let x be s(11). Let h(z) = -z**2 + z + 1. Let k(u) = 5*u**2 - 13*u - 9. Let b(a) = x*h(a) + k(a). Determine b(-6).
3
Let n(y) = 11*y**3 - 9*y**2 - 8*y + 11. Let w(l) = -4*l**3 - 1. Let c(v) = n(v) + 3*w(v). Suppose 4*d = 3*d - 8. Determine c(d).
8
Let a(k) = 19*k - 268. Let o be a(14). Let r(v) = -4*v**3 + 3*v + 2. What is r(o)?
28
Let r(g) = 8*g - 11. Suppose 0 = 7*h - 10*h + 24. Let w(k) = -13*k + 16. Let s(v) = h*r(v) + 5*w(v). Give s(0).
-8
Suppose -25*b + 54 = 2*b. Let c(w) be the third derivative of 0*w**4 + 0*w + 0 - 1/60*w**5 + 6*w**b - 7/6*w**3. What is c(0)?
-7
Suppose -j = -3*d + 2, 0 = 4*j - 3*j - 4*d + 5. Let q(k) = -k**2 + j + k - k**3 + 0*k + 2. Let m(n) = -n**2 - 2*n. Let a be m(-2). Determine q(a).
9
Suppose -54*d - 40 = -49*d. Let j(o) = o**3 + 8*o**2 + o + 2. What is j(d)?
-6
Suppose 0 = r - 6*r - 10. Let j be 1/(-1) - (r + 1). Suppose -7*m + 4*m + 3 = j. Let k(p) = -p**2 + p. Determine k(m).
0
Let s(p) = -3 + 2 + 14*p + 10*p + 8*p - 33*p. Let f be (-69)/9 + 2/3. Give s(f).
6
Let k(u) = -4 + 564*u**3 - 2*u**2 + 559*u**3 - 1121*u**3. Calculate k(2).
4
Let x(p) = -7*p**2 + 9*p + 4*p + 6*p**2 - 12*p. Let n(l) = -4*l**2 + 6*l + 1. Let j be (-2)/(2*2/10). Let o(z) = j*x(z) + n(z). Calculate o(-4).
13
Let n(k) = k**2 - 4*k + 4. Let f = 9 + -6. Suppose -l = f*l - 12. Suppose -1 = -m + l. Calculate n(m).
4
Let x(c) = 2*c**2 + 2*c**3 + 0*c**3 + 2*c + 1 - c**3. Let o(k) = k - 2. Let v be o(8). Suppose 0 = r - v*r - 10. Determine x(r).
-3
Let t(s) = -12 - 12 + 10 + s. Suppose 4*f + 8 = 0, -4*f = -4*u + 25 + 23. Let m be t(u). Let r(d) = d**2 + 6*d + 4. What is r(m)?
-4
Let h be -2*(-7)/(70/15). Suppose 0 = -4*q - 8, -k - 2*q - 7 = h*q. Let u(i) = -5*i - 2. Calculate u(k).
-17
Let x(a) be the first derivative of -a**4/4 + a**3 + 2*a**2 - 6*a - 1. Let h = -106 + 122. Suppose 4*t = -5*v + 36, -4*v + 9*v - t = h. Determine x(v).
-6
Let c = -8 - -11. Suppose -c + 2 = -n. Let a(g) be the third derivative of g**4/3 + g**3/6 - g**2. Determine a(n).
9
Let q(j) = -3*j - 1. Let s = -72 - -75. Let k be (-1 - 0/s)*7. Determine q(k).
20
Let h(p) = p**3 - 5*p**2 - 6*p + 4. Suppose 0*v = -2*v - 38. Suppose -2*g = -16*g + 350. Let z = v + g. What is h(z)?
4
Let i(r) = 306*r - 608*r + 301*r + 10. Give i(10).
0
Let j(y) = 2*y**3 + y + 1. Let a(w) = -w**3 - 30*w**2 - 28*w + 28. Let b be a(-29). Calculate j(b).
-2
Let o(u) = -2*u**2 - 3*u + 3. Suppose 2*l - 42 = 2*a, -a - 5*l + 5 = 44. Let s be (-1)/4 + a/(-160)*15. Give o(s).
-11
Let u(h) be the second derivative of -h**5/120 + h**4/6 + 4*h**3/3 - 8*h. Let m(s) be the second derivative of u(s). Determine m(-4).
8
Let s(f) = 7*f**2 + 5*f - 7. Let i(q) = q**2 - 23 + 15 + 7. Let p(u) = -6*i(u) + s(u). Let v = -2 - 2. Calculate p(v).
-5
Let j(m) = -3*m - 30. Let o be j(-6). Suppose -3*v + 2*v = -18. Let a be (-4 - -2)*v/o. Let n(g) = -3*g - 1. Calculate n(a).
-10
Let i(c) be the second derivative of -c**5/20 - c**4/2 + 2*c**2 - 12*c - 3. Let t be 14/(-35)*(15 + 0). Calculate i(t).
4
Let d(j) be the third derivative of 0*j + 0 - j**2 + 1/60*j**5 + 3/2*j**3 - 3/8*j**4. Calculate d(7).
-5
Let j(s) = -s**3 + 5*s**2 - 3*s - 5. Suppose -2*t + 3*m + 9 = -6*t, -4*m = 12. Suppose 0 = -2*y - 5*o + 4*o + 10, t = 3*y - 3*o - 6. Calculate j(y).
-1
Let t(y) be the first derivative of y**2 - 21*y + 344. Calculate t(16).
11
Let g(h) = -h**3 + 9*h**2 - 3*h - 5. Suppose -12 = -3*q, 13*j - 11*j - 30 = -3*q. Determine g(j).
-32
Suppose -102*n - 2 = -203*n + 99*n. Let u(d) = 1 + 0*d + 2*d**2 - 6*d**2 - d. Calculate u(n).
-4
Let n(u) = -u + 5. Suppose 51 = -3*h + 5*b, h - 5*b - 11 = -38. Let x = -8 - h. Suppose 2*v + 18 = -x*j + 7*j, -2*v + 14 = 5*j. Calculate n(j).
1
Suppose -c = -0*c - 5. Let n = -58 + 60. Let a(b) = -c*b**n + 6*b**2 - 2*b**2 + b. Calculate a(1).
0
Suppose a + 0*a - 4 = 0. Suppose i + a*w - 24 = -0*i, 0 = 3*i + 5*w - 37. Let d(u) = 3 + i - u - 8. Give d(-7).
6
Let a(q) = -10*q - 9. Let o(z) = 30*z + 30. Let w(h) = 16*a(h) + 5*o(h). What is w(1)?
-4
Let o be (-18)/(-45) + (-944)/10. Let w = 100 + o. Let l(h) = 3*h - 7. Let q(m) = -m + 1. Let k(f) = l(f) + 4*q(f). What is k(w)?
-9
Let z(q) = 7 - 3*q - 706*q**2 + 1402*q**2 - 695*q**2. Calculate z(5).
17
Let m(t) = t**2 + 9*t + 1. Let h(r) = r + 15. Let u be h(-13). Suppose -u*q + 14 - 30 = 0. What is m(q)?
-7
Suppose 0 = m + m - 6. Let n(j) be the second derivative of -j**5/20 + j**4/6 + j**3/3 + j**2/2 - 42*j - 1. Calculate n(m).
-2
Suppose 0 = 2*u + 2. Let w = 3 - u. Let k(l) = -l**3 + 4*l**2 - l + 1. Calculate k(w).
-3
Let x(t) = 0*t**2 + 12*t**2 - 11*t**2 + t - 3. Let d be x(0). Let r(m) = 2*m**2 + 4*m + 1. What is r(d)?
7
Let q(s) = s**2 - 6*s + 3. Suppose 18*c = 26*c - 32. Suppose -2*b + 12 = -8. Let x = b - c. What is q(x)?
3
Let l(y) be the third derivative of -y**6/120 + y**5/5 + y**4/2 - 5*y**3/6 - 34*y**2 + 5. Give l(13).
-18
Let n(m) = 4*m - m**2 + 1 + 2 + 6 - 5. Give n(6).
-8
Let b(f) = -f**3 - 8*f**2 - 8*f - 2. Suppose -t + 15 = -3*z - 4, -4*z + t - 26 = 0. Determine b(z).
5
Let x(r) be the first derivative of 3*r + 1 - 5 - 3*r**2 + 2. Let b(i) = 13*i - 6. Let v(y) = 4*b(y) + 9*x(y). Give v(-4).
11
Let z(i) = 7*i + 5. Let q = 65 + -39. Let f(c) = -21*c - 2 + 43*c - q*c. Let m(w) = -5*f(w) - 3*z(w). Calculate m(-4).
-1
Let j(h) = 5*h + 1. Let l(y) = -2*y**3 + 3*y**2 + y - 1. Suppose -2*i + 11 = -3*f, -3*f + 3*i = 2*f + 17. Let q be l(f). Suppose -q*k = 2 + 1. What is j(k)?
-4
Let n = 8 - 7. Let c(y) = 6*y**3 + 10*y + n - 2 - 11*y. Calculate c(-1).
-6
Let m(y) = -5*y**3 + y + 1. Let o = 11 + -7. Suppose o*a = -a - 5. What is m(a)?
5
Let y(i) = i**3 - i**2 - i - 6. Let b(d) = -d**3 + 5*d - 3. Let s be b(2). Let q be (s + 20/(-8))*-2. Let g be (-3)/(-9)*0/q. Calculate y(g).
-6
Suppose -4*o + 61 = 21. Suppose 40 = 4*w + 4*c, -2*w = -4*w + 3*c + o. Let y(v) = -7*v**2 + w*v**2 + v + 0*v + 2*v**2 + 2. Determine y(-2).
12
Let r(z) = 3*z - 5. Let c = -1555 + 1558. Calculate r(c).
4
Let k(l) = l**3 - 6*l**2 + 5*l + 5. Let c = -89 - -54. Let a = -21 - 9. Let t = a - c. What is k(t)?
5
Let k(o) = -7*o + 2. Let j(l) = -6*l + 2. Let n(p) = -5*j(p) + 4*k(p). Let h be (-34)/119 - 16/(-7). Determine n(h).
2
Suppose 0 = w - 2*a + 3, -2*w = -3*w - 5*a - 3. Let x be 4/14 + w/(21/2). Let l(z) = z**2 + z - 17. Let v(k) = 1. Let m(b) = l(b) + 2*v(b). Give m(x).
-15
Let a(o) = o**3 - 6*o**2 + 4*o + 4. Let z be (3 + 4)*(-1 + 2). Let f be 3 + (1 - 1)/(-1). Suppose 3*u + 0 = -3*p + 3, -f*u + z = 4*p. Calculate a(p).
-12
Let m(q) = -q - 1. Let b be m(-7). Let x = b + -10. Let g be (1 + x)/((-21)/14). Let u(w) = 6*w - 2. Calculate u(g).
10
Let d be (-128)/20 + (-6)/10. Let r(j) be the first derivative of -j**4/4 - 8*j**3/3 - 5*j**2/2 - 6*j - 26. Calculate r(d).
-20
Let m(s) be the t